{"id":17401,"date":"2022-06-06T04:23:17","date_gmt":"2022-06-06T04:23:17","guid":{"rendered":"https:\/\/colegionai.edu.co\/?page_id=17401"},"modified":"2025-11-06T02:32:42","modified_gmt":"2025-11-06T02:32:42","slug":"admisiones-2","status":"publish","type":"page","link":"https:\/\/colegionai.edu.co\/index.php\/admisiones-2\/","title":{"rendered":"Complementarios"},"content":{"rendered":"\t\t<div data-elementor-type=\"wp-page\" data-elementor-id=\"17401\" class=\"elementor elementor-17401\" data-elementor-post-type=\"page\">\n\t\t\t\t\t\t<section data-particle_enable=\"false\" data-particle-mobile-disabled=\"false\" class=\"elementor-section elementor-top-section elementor-element elementor-element-50f2781 elementor-section-full_width elementor-section-height-default elementor-section-height-default\" data-id=\"50f2781\" data-element_type=\"section\">\n\t\t\t\t\t\t<div class=\"elementor-container elementor-column-gap-no\">\n\t\t\t\t\t<div class=\"elementor-column elementor-col-100 elementor-top-column elementor-element elementor-element-0bf44b5\" data-id=\"0bf44b5\" data-element_type=\"column\">\n\t\t\t<div class=\"elementor-widget-wrap elementor-element-populated\">\n\t\t\t\t\t\t<div class=\"elementor-element elementor-element-0d57372 elementor-widget elementor-widget-image\" data-id=\"0d57372\" data-element_type=\"widget\" data-widget_type=\"image.default\">\n\t\t\t\t<div class=\"elementor-widget-container\">\n\t\t\t<style>\/*! elementor - v3.22.0 - 26-06-2024 *\/\n.elementor-widget-image{text-align:center}.elementor-widget-image a{display:inline-block}.elementor-widget-image a img[src$=\".svg\"]{width:48px}.elementor-widget-image img{vertical-align:middle;display:inline-block}<\/style>\t\t\t\t\t\t\t\t\t\t<img fetchpriority=\"high\" decoding=\"async\" width=\"1912\" height=\"481\" src=\"https:\/\/colegionai.edu.co\/wp-content\/uploads\/2022\/06\/Servicios.png\" class=\"attachment-full size-full wp-image-17402\" alt=\"\" srcset=\"https:\/\/colegionai.edu.co\/wp-content\/uploads\/2022\/06\/Servicios.png 1912w, https:\/\/colegionai.edu.co\/wp-content\/uploads\/2022\/06\/Servicios-600x151.png 600w, https:\/\/colegionai.edu.co\/wp-content\/uploads\/2022\/06\/Servicios-300x75.png 300w, https:\/\/colegionai.edu.co\/wp-content\/uploads\/2022\/06\/Servicios-1024x258.png 1024w, https:\/\/colegionai.edu.co\/wp-content\/uploads\/2022\/06\/Servicios-768x193.png 768w, https:\/\/colegionai.edu.co\/wp-content\/uploads\/2022\/06\/Servicios-1536x386.png 1536w\" sizes=\"(max-width: 1912px) 100vw, 1912px\" \/>\t\t\t\t\t\t\t\t\t\t\t\t\t<\/div>\n\t\t\t\t<\/div>\n\t\t\t\t\t<\/div>\n\t\t<\/div>\n\t\t\t\t\t<\/div>\n\t\t<\/section>\n\t\t\t\t<section data-particle_enable=\"false\" data-particle-mobile-disabled=\"false\" class=\"elementor-section elementor-top-section elementor-element elementor-element-6596d831 elementor-section-full_width elementor-section-height-default elementor-section-height-default\" data-id=\"6596d831\" data-element_type=\"section\" data-settings=\"{&quot;background_background&quot;:&quot;classic&quot;}\">\n\t\t\t\t\t\t<div class=\"elementor-container elementor-column-gap-default\">\n\t\t\t\t\t<div class=\"elementor-column elementor-col-100 elementor-top-column elementor-element elementor-element-53223c52\" data-id=\"53223c52\" data-element_type=\"column\">\n\t\t\t<div class=\"elementor-widget-wrap elementor-element-populated\">\n\t\t\t\t\t\t<section data-particle_enable=\"false\" data-particle-mobile-disabled=\"false\" class=\"elementor-section elementor-inner-section elementor-element elementor-element-2ddc2c72 elementor-section-full_width elementor-section-height-default elementor-section-height-default\" data-id=\"2ddc2c72\" data-element_type=\"section\">\n\t\t\t\t\t\t<div class=\"elementor-container elementor-column-gap-default\">\n\t\t\t\t\t<div class=\"elementor-column elementor-col-100 elementor-inner-column elementor-element elementor-element-1ee6aeae\" data-id=\"1ee6aeae\" data-element_type=\"column\">\n\t\t\t<div class=\"elementor-widget-wrap elementor-element-populated\">\n\t\t\t\t\t\t<div class=\"elementor-element elementor-element-4e9aeb95 elementor-widget elementor-widget-bdt-tabs\" data-id=\"4e9aeb95\" data-element_type=\"widget\" data-widget_type=\"bdt-tabs.default\">\n\t\t\t\t<div class=\"elementor-widget-container\">\n\t\t\t\n        <div class=\"bdt-tabs-area\">\n\n            <div id=\"bdt-tabs-4e9aeb95-1658\" class=\"bdt-tabs  bdt-tabs-default\" data-settings=\"{&quot;id&quot;:&quot;bdt-tabs-4e9aeb95-1658&quot;,&quot;activeHash&quot;:&quot;no&quot;,&quot;hashTopOffset&quot;:70,&quot;hashScrollspyTime&quot;:1500,&quot;navStickyOffset&quot;:1,&quot;linkWidgetId&quot;:&quot;4e9aeb95-1658&quot;}\">\n                \n                \n                        <div class=\"bdt-tab-wrapper bdt-flex bdt-flex-center\">\n            <div >\n                <div class=\"bdt-tab bdt-tab-default  bdt-flex bdt-flex-center\" data-bdt-tab=\"connect: #bdt-tab-content-4e9aeb95-1658;\" data-bdt-height-match=\"target: &gt; .bdt-tabs-item &gt; .bdt-tabs-item-title; row: false;\">\n                                            <div class=\"bdt-tabs-item\">\n                            <a data-title=\"Restaurante\" class=\"bdt-tabs-item-title\" id=\"bdt-tab-Restaurante\" data-tab-index=\"0\" href=\"#\">\n                                <div class=\"bdt-tab-text-wrapper bdt-flex-column\">\n\n                                    <div class=\"bdt-tab-title-icon-wrapper\">\n\n                                        \n                                                                                    <span class=\"bdt-tab-text\">\n                                                Restaurante                                            <\/span>\n                                        \n                                        \n                                    <\/div>\n\n                                    \n                                <\/div>\n                            <\/a>\n                        <\/div>\n                                            <div class=\"bdt-tabs-item\">\n                            <a data-title=\"Transporte\" class=\"bdt-tabs-item-title\" id=\"bdt-tab-Transporte\" data-tab-index=\"1\" href=\"#\">\n                                <div class=\"bdt-tab-text-wrapper bdt-flex-column\">\n\n                                    <div class=\"bdt-tab-title-icon-wrapper\">\n\n                                        \n                                                                                    <span class=\"bdt-tab-text\">\n                                                Transporte                                            <\/span>\n                                        \n                                        \n                                    <\/div>\n\n                                    \n                                <\/div>\n                            <\/a>\n                        <\/div>\n                                            <div class=\"bdt-tabs-item\">\n                            <a data-title=\"Jornada-Complementaria\" class=\"bdt-tabs-item-title\" id=\"bdt-tab-Jornada-Complementaria\" data-tab-index=\"2\" href=\"#\">\n                                <div class=\"bdt-tab-text-wrapper bdt-flex-column\">\n\n                                    <div class=\"bdt-tab-title-icon-wrapper\">\n\n                                        \n                                                                                    <span class=\"bdt-tab-text\">\n                                                Jornada Complementaria                                            <\/span>\n                                        \n                                        \n                                    <\/div>\n\n                                    \n                                <\/div>\n                            <\/a>\n                        <\/div>\n                                    <\/div>\n            <\/div>\n        <\/div>\n\n\n                                    \n        <div class=\"bdt-switcher-wrapper\">\n            <div id=\"bdt-tab-content-4e9aeb95-1658\" class=\"bdt-switcher bdt-switcher-item-content\">\n                                                        <div class=\"bdt-tab-content-item \" data-content-id=\"restaurante\">\n                        <div>\n                            <p style=\"text-align: center;\">Brindamos un servicio que ofrece alimentos saludables, ricos jugos naturales, ensaladas y prote\u00edna acompa\u00f1ado de los complementos necesarios para enriquecer una dieta balanceada.<\/p><p><img decoding=\"async\" class=\"alignnone wp-image-20107 size-full\" src=\"https:\/\/colegionai.edu.co\/wp-content\/uploads\/2025\/11\/Noviembre-01.png\" alt=\"\" width=\"4274\" height=\"2400\" srcset=\"https:\/\/colegionai.edu.co\/wp-content\/uploads\/2025\/11\/Noviembre-01.png 4274w, https:\/\/colegionai.edu.co\/wp-content\/uploads\/2025\/11\/Noviembre-01-300x168.png 300w, https:\/\/colegionai.edu.co\/wp-content\/uploads\/2025\/11\/Noviembre-01-1024x575.png 1024w, https:\/\/colegionai.edu.co\/wp-content\/uploads\/2025\/11\/Noviembre-01-768x431.png 768w, https:\/\/colegionai.edu.co\/wp-content\/uploads\/2025\/11\/Noviembre-01-1536x863.png 1536w, https:\/\/colegionai.edu.co\/wp-content\/uploads\/2025\/11\/Noviembre-01-2048x1150.png 2048w, https:\/\/colegionai.edu.co\/wp-content\/uploads\/2025\/11\/Noviembre-01-600x337.png 600w\" sizes=\"(max-width: 4274px) 100vw, 4274px\" \/><\/p>                        <\/div>\n                    <\/div>\n                                                        <div class=\"bdt-tab-content-item \" data-content-id=\"transporte\">\n                        <div>\n                            <p style=\"font-size: 16px; font-style: normal; font-weight: 400;\"><img decoding=\"async\" class=\"size-medium wp-image-17404 alignright\" src=\"https:\/\/colegionai.edu.co\/wp-content\/uploads\/2022\/06\/Turisport-300x209.png\" alt=\"\" width=\"300\" height=\"209\" srcset=\"https:\/\/colegionai.edu.co\/wp-content\/uploads\/2022\/06\/Turisport-300x209.png 300w, https:\/\/colegionai.edu.co\/wp-content\/uploads\/2022\/06\/Turisport.png 476w\" sizes=\"(max-width: 300px) 100vw, 300px\" \/><span style=\"font-size: 16px; font-style: normal; font-weight: 400;\">La empresa Turispor<\/span><span style=\"font-size: 16px;\">t Ltda es la organizaci\u00f3n encargada del servicio de transporte para nuestros estudiantes con m\u00e1s de 15 a\u00f1os de experiencia. Cuentan con veh\u00edculos modernos y el personal capacitado y calificado en los procesos de calidad. Los veh\u00edculos dispuestos para este servicio est\u00e1n totalmente acondicionados para obrar con responsabilidad, eficiencia, agilidad y cumplimiento en el desarrollo de su labor. El parque automotor se encuentra amparado por las p\u00f3lizas colectivas de Responsabilidad Civil Contractual y Extracontractual exigidas por las entidades de control.<\/span><\/p>                        <\/div>\n                    <\/div>\n                                                        <div class=\"bdt-tab-content-item \" data-content-id=\"jornada-complementaria\">\n                        <div>\n                            <p>Lunes a viernes de 4:00 pm a 6:00pm<br \/><br \/>Es un servicio a disposici\u00f3n de la comunidad educativa que busca:<br \/><br \/>\u00a0\u00a0\u00a0\u00a0\u00a0\u00a0\u00a0\u00a0\u00a0\u00a0<a class=\"fa fa-play\">\u00a0\u00a0\u00a0\u00a0<\/a>Afianzar h\u00e1bitos de estudio y acompa\u00f1ar el proceso de ense\u00f1anza &#8211; aprendizaje.<br \/><br \/>\u00a0\u00a0\u00a0\u00a0\u00a0\u00a0\u00a0\u00a0\u00a0\u00a0<a class=\"fa fa-play\">\u00a0\u00a0\u00a0\u00a0<\/a>Fomentar rigurosidad, autoexigencia, responsabilidad y disciplina.<br \/><br \/>\u00a0\u00a0\u00a0\u00a0\u00a0\u00a0\u00a0\u00a0\u00a0\u00a0<a class=\"fa fa-play\">\u00a0\u00a0\u00a0\u00a0<\/a>Brindar experiencias de aprendizaje que favorezcan el desarrollo integral de nuestros estudiantes.<br \/><br \/>\u00a0\u00a0\u00a0\u00a0\u00a0\u00a0\u00a0\u00a0\u00a0\u00a0<a class=\"fa fa-play\">\u00a0\u00a0\u00a0\u00a0<\/a>Fomentar la autonom\u00eda en los procesos acad\u00e9micos.<br \/><br \/>\u00a0\u00a0\u00a0\u00a0\u00a0\u00a0\u00a0\u00a0\u00a0\u00a0<a class=\"fa fa-play\">\u00a0\u00a0\u00a0\u00a0<\/a>Explorar habilidades en el trabajo individual.<br \/><br \/>\u00a0\u00a0\u00a0\u00a0\u00a0\u00a0\u00a0\u00a0\u00a0\u00a0<a class=\"fa fa-play\">\u00a0\u00a0\u00a0\u00a0<\/a>Desarrollar competencias ling\u00fc\u00edsticas, cognitivas y socioemocionales.<br \/><br \/>\u00a0\u00a0\u00a0\u00a0\u00a0\u00a0\u00a0\u00a0\u00a0\u00a0<a class=\"fa fa-play\">\u00a0\u00a0\u00a0\u00a0<\/a>Abrir espacios de pr\u00e1ctica del idioma ingl\u00e9s como segunda lengua.<\/p>                        <\/div>\n                    <\/div>\n                            <\/div>\n        <\/div>\n                    \n                                <a href=\"#\" id=\"bottom-anchor-4e9aeb95-1658\" data-bdt-hidden><\/a>\n            <\/div>\n        <\/div>\n    \t\t<\/div>\n\t\t\t\t<\/div>\n\t\t\t\t\t<\/div>\n\t\t<\/div>\n\t\t\t\t\t<\/div>\n\t\t<\/section>\n\t\t\t\t\t<\/div>\n\t\t<\/div>\n\t\t\t\t\t<\/div>\n\t\t<\/section>\n\t\t\t\t<\/div>\n\t\t","protected":false},"excerpt":{"rendered":"<p>Restaurante Transporte Jornada Complementaria Brindamos un servicio que ofrece alimentos saludables, ricos jugos naturales, ensaladas y prote\u00edna acompa\u00f1ado de los complementos necesarios para enriquecer una dieta balanceada. La empresa Turisport Ltda es la organizaci\u00f3n encargada del servicio de transporte para nuestros estudiantes con m\u00e1s de 15 a\u00f1os de experiencia. Cuentan con veh\u00edculos modernos y el &hellip;<\/p>\n<p class=\"read-more\"> <a class=\"\" href=\"https:\/\/colegionai.edu.co\/index.php\/admisiones-2\/\"> <span class=\"screen-reader-text\">Complementarios<\/span> Read More &raquo;<\/a><\/p>\n","protected":false},"author":1,"featured_media":0,"parent":0,"menu_order":0,"comment_status":"closed","ping_status":"closed","template":"","meta":{"om_disable_all_campaigns":false,"_monsterinsights_skip_tracking":false,"_monsterinsights_sitenote_active":false,"_monsterinsights_sitenote_note":"","_monsterinsights_sitenote_category":0,"site-sidebar-layout":"no-sidebar","site-content-layout":"page-builder","ast-global-header-display":"","ast-main-header-display":"","ast-hfb-above-header-display":"","ast-hfb-below-header-display":"","ast-hfb-mobile-header-display":"","site-post-title":"disabled","ast-breadcrumbs-content":"","ast-featured-img":"disabled","footer-sml-layout":"","theme-transparent-header-meta":"","adv-header-id-meta":"","stick-header-meta":"","header-above-stick-meta":"","header-main-stick-meta":"","header-below-stick-meta":"","footnotes":""},"aioseo_notices":[],"_links":{"self":[{"href":"https:\/\/colegionai.edu.co\/index.php\/wp-json\/wp\/v2\/pages\/17401"}],"collection":[{"href":"https:\/\/colegionai.edu.co\/index.php\/wp-json\/wp\/v2\/pages"}],"about":[{"href":"https:\/\/colegionai.edu.co\/index.php\/wp-json\/wp\/v2\/types\/page"}],"author":[{"embeddable":true,"href":"https:\/\/colegionai.edu.co\/index.php\/wp-json\/wp\/v2\/users\/1"}],"replies":[{"embeddable":true,"href":"https:\/\/colegionai.edu.co\/index.php\/wp-json\/wp\/v2\/comments?post=17401"}],"version-history":[{"count":142,"href":"https:\/\/colegionai.edu.co\/index.php\/wp-json\/wp\/v2\/pages\/17401\/revisions"}],"predecessor-version":[{"id":20110,"href":"https:\/\/colegionai.edu.co\/index.php\/wp-json\/wp\/v2\/pages\/17401\/revisions\/20110"}],"wp:attachment":[{"href":"https:\/\/colegionai.edu.co\/index.php\/wp-json\/wp\/v2\/media?parent=17401"}],"curies":[{"name":"wp","href":"https:\/\/api.w.org\/{rel}","templated":true}]}}